{"id":4809,"date":"2024-09-26T19:10:17","date_gmt":"2024-09-26T22:10:17","guid":{"rendered":"https:\/\/bosonconsultoria.com\/?page_id=4809"},"modified":"2025-11-25T16:48:27","modified_gmt":"2025-11-25T19:48:27","slug":"e-books","status":"publish","type":"page","link":"https:\/\/bosonconsultoria.com\/index.php\/e-books\/","title":{"rendered":"E-books"},"content":{"rendered":"\t\t<div data-elementor-type=\"wp-page\" data-elementor-id=\"4809\" class=\"elementor elementor-4809\" data-elementor-post-type=\"page\">\n\t\t\t\t<div class=\"elementor-element elementor-element-ca1e760 e-con-full e-flex e-con e-parent\" data-id=\"ca1e760\" data-element_type=\"container\" data-e-type=\"container\" data-settings=\"{&quot;background_background&quot;:&quot;classic&quot;}\">\n\t\t<div class=\"elementor-element elementor-element-1bfd974 e-con-full e-flex e-con e-child\" data-id=\"1bfd974\" data-element_type=\"container\" data-e-type=\"container\">\n\t\t\t\t<div class=\"elementor-element elementor-element-c5fee76 elementor-widget__width-initial elementor-widget-mobile__width-inherit elementor-widget elementor-widget-heading\" data-id=\"c5fee76\" data-element_type=\"widget\" data-e-type=\"widget\" data-widget_type=\"heading.default\">\n\t\t\t\t<div class=\"elementor-widget-container\">\n\t\t\t\t\t<h5 class=\"elementor-heading-title elementor-size-default\">Transformando conhecimento em solu\u00e7\u00f5es qu\u00edmicas inovadoras para \n<span style=\"color: #72A3FF\">\num futuro sustent\u00e1vel\n<\/span><\/h5>\t\t\t\t<\/div>\n\t\t\t\t<\/div>\n\t\t\t\t<\/div>\n\t\t\t\t<\/div>\n\t\t<div class=\"elementor-element elementor-element-4543557 e-flex e-con-boxed e-con e-parent\" data-id=\"4543557\" data-element_type=\"container\" data-e-type=\"container\">\n\t\t\t\t\t<div class=\"e-con-inner\">\n\t\t\t\t<div class=\"elementor-element elementor-element-55f789e elementor-widget-mobile__width-inherit elementor-widget elementor-widget-heading\" data-id=\"55f789e\" data-element_type=\"widget\" data-e-type=\"widget\" data-widget_type=\"heading.default\">\n\t\t\t\t<div class=\"elementor-widget-container\">\n\t\t\t\t\t<h2 class=\"elementor-heading-title elementor-size-default\">Conte\u00fados mais bem avaliados<\/h2>\t\t\t\t<\/div>\n\t\t\t\t<\/div>\n\t\t\t\t\t<\/div>\n\t\t\t\t<\/div>\n\t\t<div class=\"elementor-element elementor-element-1cfd2b2 e-flex e-con-boxed e-con e-parent\" data-id=\"1cfd2b2\" data-element_type=\"container\" data-e-type=\"container\" id=\"ebooks\">\n\t\t\t\t\t<div class=\"e-con-inner\">\n\t\t\t\t<div class=\"elementor-element elementor-element-43c29d2 elementor-widget-mobile__width-initial elementor-widget elementor-widget-prime-slider-mercury\" data-id=\"43c29d2\" data-element_type=\"widget\" data-e-type=\"widget\" data-widget_type=\"prime-slider-mercury.default\">\n\t\t\t\t<div class=\"elementor-widget-container\">\n\t\t\t\t\t\n                    <div class=\"bdt-prime-slider-mercury\">\n        <div id=\"bdt-prime-slider-43c29d2\" class=\"bdt-mercury-slider elementor-swiper\" data-settings=\"{&quot;autoplay&quot;:{&quot;delay&quot;:5000},&quot;loop&quot;:true,&quot;speed&quot;:900,&quot;effect&quot;:&quot;slide&quot;,&quot;gl&quot;:{&quot;shader&quot;:&quot;random&quot;},&quot;fadeEffect&quot;:{&quot;crossFade&quot;:true},&quot;lazy&quot;:{&quot;loadPrevNext&quot;:&quot;true&quot;},&quot;parallax&quot;:true,&quot;watchSlidesProgress&quot;:true,&quot;slidesPerView&quot;:1,&quot;loopedSlides&quot;:4,&quot;navigation&quot;:{&quot;nextEl&quot;:&quot;#bdt-prime-slider-43c29d2 .bdt-button-next&quot;,&quot;prevEl&quot;:&quot;#bdt-prime-slider-43c29d2 .bdt-button-prev&quot;},&quot;pagination&quot;:{&quot;el&quot;:&quot;#bdt-prime-slider-43c29d2 .swiper-pagination&quot;,&quot;clickable&quot;:&quot;true&quot;}}\">\n            <div class=\"bdt-mercury-image-slider swiper\" role=\"region\" aria-roledescription=\"carousel\" aria-label=\"Mercury Slider\" dir=\"ltr\">\n                <div class=\"swiper-wrapper\">\n        \n        <div class=\"bdt-item  swiper-slide\">\n            <div class=\"bdt-img-wrap\" data-reveal=\"reveal-active\">\n                <img fetchpriority=\"high\" decoding=\"async\" width=\"1110\" height=\"508\" src=\"https:\/\/bosonconsultoria.com\/wp-content\/uploads\/2024\/10\/04_17004-NM-Brasil-Imagens-Conteudo-Blogs-Abril-2023-017974_1110-508-0-0.jpg\" class=\"bdt-img swiper-lazy\" alt=\"Controle de Qualidade em Processos Qu\u00edmicos\" srcset=\"https:\/\/bosonconsultoria.com\/wp-content\/uploads\/2024\/10\/04_17004-NM-Brasil-Imagens-Conteudo-Blogs-Abril-2023-017974_1110-508-0-0.jpg 1110w, https:\/\/bosonconsultoria.com\/wp-content\/uploads\/2024\/10\/04_17004-NM-Brasil-Imagens-Conteudo-Blogs-Abril-2023-017974_1110-508-0-0-300x137.jpg 300w, https:\/\/bosonconsultoria.com\/wp-content\/uploads\/2024\/10\/04_17004-NM-Brasil-Imagens-Conteudo-Blogs-Abril-2023-017974_1110-508-0-0-1024x469.jpg 1024w, https:\/\/bosonconsultoria.com\/wp-content\/uploads\/2024\/10\/04_17004-NM-Brasil-Imagens-Conteudo-Blogs-Abril-2023-017974_1110-508-0-0-768x351.jpg 768w\" sizes=\"(max-width: 1110px) 100vw, 1110px\" \/>            <\/div>\n        <\/div>\n\n        \n        <div class=\"bdt-item  swiper-slide\">\n            <div class=\"bdt-img-wrap\" data-reveal=\"reveal-active\">\n                <img decoding=\"async\" width=\"747\" height=\"471\" src=\"https:\/\/bosonconsultoria.com\/wp-content\/uploads\/2024\/10\/1623789752666-1.jpg\" class=\"bdt-img swiper-lazy\" alt=\"Impacto da Engenharia Qu\u00edmica na Sustentabilidade Industrial\" srcset=\"https:\/\/bosonconsultoria.com\/wp-content\/uploads\/2024\/10\/1623789752666-1.jpg 747w, https:\/\/bosonconsultoria.com\/wp-content\/uploads\/2024\/10\/1623789752666-1-300x189.jpg 300w\" sizes=\"(max-width: 747px) 100vw, 747px\" \/>            <\/div>\n        <\/div>\n\n                        <\/div>\n                                <div class=\"bdt-navigation-wrap reveal-muted\">\n                    <div class=\"bdt-button-next\">\n                        <i class=\"ps-wi-arrow-right\"><\/i>\n                    <\/div>\n                    <div class=\"bdt-button-prev\">\n                        <i class=\"ps-wi-arrow-left\"><\/i>\n                    <\/div>\n                <\/div>\n                            <\/div>\n                    <div thumbsSlider=\"\" class=\"bdt-mercury-content-slider swiper\">\n                <div class=\"swiper-wrapper\">\n                    \n        <div class=\"bdt-item swiper-slide\">\n            <div class=\"bdt-content\">\n                                                    <div data-swiper-parallax=\"-200\" data-swiper-parallax-duration=\"1000\">\n                        <h3 class=\"bdt-title\" data-reveal=\"reveal-active\">\n\t\t\t\t<a href=\"https:\/\/bosonconsultoria.com\/index.php\/e-book\/controle-de-qualidade-em-processos-quimicos-2\/\" title=\"Controle de Qualidade em Processos Qu\u00edmicos\">Controle de Qualidade em Processos Qu\u00edmicos<\/a>\n\t\t\t<\/h3>                    <\/div>\n                \n                        <div class=\"bdt-desc\" data-reveal=\"reveal-active\" data-swiper-parallax=\"-150\" data-swiper-parallax-duration=\"1100\">\n            <p>O e-book \"Controle de Qualidade em Processos Qu\u00edmicos\" \u00e9 um guia pr\u00e1tico desenvolvido pela B\u00f3son Consultoria, focado em fornecer aos leitores uma compreens\u00e3o abrangente dos m\u00e9todos essenciais de controle de<\/p>\n        <\/div>\n        \n                \n            <\/div>\n        <\/div>\n        \n        <div class=\"bdt-item swiper-slide\">\n            <div class=\"bdt-content\">\n                                                    <div data-swiper-parallax=\"-200\" data-swiper-parallax-duration=\"1000\">\n                        <h3 class=\"bdt-title\" data-reveal=\"reveal-active\">\n\t\t\t\t<a href=\"https:\/\/bosonconsultoria.com\/index.php\/e-book\/impacto-da-engenharia-quimica-na-sustentabilidade-industrial-2\/\" title=\"Impacto da Engenharia Qu\u00edmica na Sustentabilidade Industrial\">Impacto da Engenharia Qu\u00edmica na Sustentabilidade Industrial<\/a>\n\t\t\t<\/h3>                    <\/div>\n                \n                        <div class=\"bdt-desc\" data-reveal=\"reveal-active\" data-swiper-parallax=\"-150\" data-swiper-parallax-duration=\"1100\">\n            <p>O eBook \"Impacto da Engenharia Qu\u00edmica na Sustentabilidade Industrial\" explora como a engenharia qu\u00edmica pode contribuir para pr\u00e1ticas sustent\u00e1veis nas ind\u00fastrias. Ele aborda temas como efici\u00eancia energ\u00e9tica, desenvolvimento de processos<\/p>\n        <\/div>\n        \n                \n            <\/div>\n        <\/div>\n                        <\/div>\n            <\/div>\n\n        <\/div>\n        <\/div>\n        \t\t\t\t<\/div>\n\t\t\t\t<\/div>\n\t\t\t\t\t<\/div>\n\t\t\t\t<\/div>\n\t\t<div class=\"elementor-element elementor-element-fa2d0bf e-flex e-con-boxed e-con e-parent\" data-id=\"fa2d0bf\" data-element_type=\"container\" data-e-type=\"container\">\n\t\t\t\t\t<div class=\"e-con-inner\">\n\t\t<div class=\"elementor-element elementor-element-62db4fe e-grid e-con-full e-con e-child\" data-id=\"62db4fe\" data-element_type=\"container\" data-e-type=\"container\">\n\t\t\t\t<div class=\"elementor-element elementor-element-004e6e4 elementor-widget__width-initial elementor-widget-mobile__width-inherit elementor-widget elementor-widget-heading\" data-id=\"004e6e4\" data-element_type=\"widget\" data-e-type=\"widget\" data-widget_type=\"heading.default\">\n\t\t\t\t<div class=\"elementor-widget-container\">\n\t\t\t\t\t<h2 class=\"elementor-heading-title elementor-size-default\">Leia em qualquer lugar\nA qualquer hora<br>De gra\u00e7a!<br><br><\/h2>\t\t\t\t<\/div>\n\t\t\t\t<\/div>\n\t\t\t\t<div class=\"elementor-element elementor-element-27fc78e elementor-widget elementor-widget-button\" data-id=\"27fc78e\" data-element_type=\"widget\" data-e-type=\"widget\" data-widget_type=\"button.default\">\n\t\t\t\t<div class=\"elementor-widget-container\">\n\t\t\t\t\t\t\t\t\t<div class=\"elementor-button-wrapper\">\n\t\t\t\t\t<a class=\"elementor-button elementor-button-link elementor-size-sm\" href=\"#ebooks\">\n\t\t\t\t\t\t<span class=\"elementor-button-content-wrapper\">\n\t\t\t\t\t\t\t\t\t<span class=\"elementor-button-text\">Baixe j\u00e1 seu Ebook!<\/span>\n\t\t\t\t\t<\/span>\n\t\t\t\t\t<\/a>\n\t\t\t\t<\/div>\n\t\t\t\t\t\t\t\t<\/div>\n\t\t\t\t<\/div>\n\t\t\t\t<\/div>\n\t\t\t\t\t<\/div>\n\t\t\t\t<\/div>\n\t\t\t\t<\/div>\n\t\t","protected":false},"excerpt":{"rendered":"<p>Transformando conhecimento em solu\u00e7\u00f5es qu\u00edmicas inovadoras para um futuro sustent\u00e1vel Conte\u00fados mais bem avaliados Controle de Qualidade em Processos Qu\u00edmicos O e-book &#8220;Controle de Qualidade em Processos Qu\u00edmicos&#8221; \u00e9 um guia pr\u00e1tico desenvolvido pela B\u00f3son Consultoria, focado em fornecer aos leitores uma compreens\u00e3o abrangente dos m\u00e9todos essenciais de controle de Impacto da Engenharia Qu\u00edmica na [&hellip;]<\/p>\n","protected":false},"author":1,"featured_media":0,"parent":0,"menu_order":0,"comment_status":"closed","ping_status":"closed","template":"elementor_header_footer","meta":{"_joinchat":[],"footnotes":""},"class_list":["post-4809","page","type-page","status-publish","hentry"],"_links":{"self":[{"href":"https:\/\/bosonconsultoria.com\/index.php\/wp-json\/wp\/v2\/pages\/4809","targetHints":{"allow":["GET"]}}],"collection":[{"href":"https:\/\/bosonconsultoria.com\/index.php\/wp-json\/wp\/v2\/pages"}],"about":[{"href":"https:\/\/bosonconsultoria.com\/index.php\/wp-json\/wp\/v2\/types\/page"}],"author":[{"embeddable":true,"href":"https:\/\/bosonconsultoria.com\/index.php\/wp-json\/wp\/v2\/users\/1"}],"replies":[{"embeddable":true,"href":"https:\/\/bosonconsultoria.com\/index.php\/wp-json\/wp\/v2\/comments?post=4809"}],"version-history":[{"count":143,"href":"https:\/\/bosonconsultoria.com\/index.php\/wp-json\/wp\/v2\/pages\/4809\/revisions"}],"predecessor-version":[{"id":5820,"href":"https:\/\/bosonconsultoria.com\/index.php\/wp-json\/wp\/v2\/pages\/4809\/revisions\/5820"}],"wp:attachment":[{"href":"https:\/\/bosonconsultoria.com\/index.php\/wp-json\/wp\/v2\/media?parent=4809"}],"curies":[{"name":"wp","href":"https:\/\/api.w.org\/{rel}","templated":true}]}}